number?
False
Let t = 175212 + -113053. Is t prime?
False
Let y = -1004 + -313. Let i = 2302 + y. Is i prime?
False
Suppose -17024589 = 599*x - 770*x. Is x a composite number?
False
Let t = 6576 - 9240. Let r = t - -6257. Is r a prime number?
True
Suppose -16*d = -20*d + 208. Let y = d - 46. Is 1/(2/223)*y prime?
False
Suppose 256*a + 12974 = 258*a. Is a a composite number?
True
Let a(y) = 148*y + 131*y + 125*y - 390*y - 7 + 2 + y**2. Suppose -w + 0*c - 3*c + 13 = 0, -5*c = -5*w + 125. Is a(w) a prime number?
True
Let p(r) = 10*r**3 - 8*r**2 - 5*r + 5. Let h be ((-60)/(-9))/2*(-12)/5. Let j be h/(-12)*8 - 6/(-9). Is p(j) composite?
False
Let j(y) = -2*y - 5. Let l be j(-6). Let h = -74 + l. Let r = 562 - h. Is r prime?
False
Suppose 560*h = 557*h + 98583. Is h a prime number?
False
Let o = 21 + -21. Suppose o = -2*c + 5*g - 30 + 95, 2*g + 10 = 0. Suppose -14*z - 126 = -c*z. Is z a composite number?
True
Let l(z) = -13251*z + 1445. Is l(-22) a composite number?
True
Let t = -70492 - -123053. Is t composite?
False
Is 181971 - (2 + -2 + 5 - 1) a composite number?
False
Let a be (-405664)/(-21) + (-2)/6. Suppose q - a - 15084 = 0. Is q prime?
False
Let h = 20986 + 13680. Is h a prime number?
False
Suppose 2*r - 7*r + 53179 = 2*d, 0 = -2*d - 6. Suppose -r = -0*s - 11*s. Is s composite?
False
Let r(z) = -z**2 + 22*z - 100. Let y be r(15). Suppose -340 = -y*n + 2*n - t, -4*n = -2*t - 450. Is n a composite number?
False
Let g(x) = x**2 + x + 913. Let f be g(0). Suppose -5*k + f = 4*l, -l + 4*k - k = -224. Suppose 4*r - l = -q, -2*q - 3*q = r - 1059. Is q prime?
True
Suppose -13*i + 29401 = 2*k - 10*i, -4*k + 8*i = -58732. Is k a prime number?
False
Suppose 99*m - 98*m = -2*x + 150332, 300694 = 4*x - 3*m. Is x a prime number?
True
Let u(l) = 1392*l**2 + 19*l - 64. Let z be u(5). Let h = z + -12074. Is h a prime number?
False
Is 267928/20 + 54/90 composite?
False
Suppose 2*r - 11 = -3*n, -17*n - 11 = -4*r - 12*n. Let f(d) = 149*d + 33. Is f(r) composite?
True
Suppose 3*g - 44986 = 5*x, g - x - 11176 = 3816. Is g a prime number?
False
Let s be 8/(-8) + (-5)/(5/(-3)). Is -127*(s - 7)/5 prime?
True
Let c(q) = -q**2 + 16*q - 3. Let p be c(7). Let o(x) = -3*x**3 - 32*x**2 + 11*x - 11. Let a be o(-11). Let y = p + a. Is y prime?
False
Suppose -810018 = -19*q - 5*q + 6*q. Is q prime?
False
Let y(d) = -d**3 - 8*d**2 - 2*d - 12. Let a be y(-8). Suppose 0 = m - 2*l + 525 - 2372, 0 = a*m + 5*l - 7323. Is m a prime number?
False
Let a(d) = 2077*d**3. Let x(t) = -4154*t**3. Let q(l) = 9*a(l) + 4*x(l). Is q(1) composite?
True
Let w be (-280830)/(-36) + 4 + 69/(-18). Let f = w - 3942. Is f a prime number?
False
Let i be -8*(1 - 10/(-4))/1. Let l = 4 + i. Is (-6)/(-4) - 38292/l composite?
False
Let x be (-14 - -17) + 2/(-2). Suppose -x*l + 2*u - 2 = -l, 0 = -4*l + 5*u - 5. Let t(o) = o**3 + 917. Is t(l) a prime number?
False
Is (8 + 8588 - (-4 + 1))*(36 + -33) a composite number?
True
Let w = 3954077 + -2727660. Is w prime?
True
Suppose -l + 3*o = 7, -1 + 4 = o. Suppose -l*x + 146 = -3*m, -3*x - 154 = 3*m - x. Let n = m + 447. Is n prime?
True
Let x(m) = -38*m**2 - 35*m - 5. Let n(r) = 13*r**2 + 12*r + 2. Let o(c) = -8*n(c) - 3*x(c). Is o(6) a composite number?
True
Suppose 0 = 128*o - 137*o - 315. Is 4389/1 - 14/o*5 a prime number?
True
Suppose 0 = 2*t + 5*f - 36562, 4*t - 104445 + 31343 = f. Let s = 34663 - t. Is s prime?
False
Suppose 2251590 + 928893 = 111*z. Is z composite?
True
Let v = 175063 - -319278. Is v a prime number?
True
Let i = -399 - -401. Suppose 0*b - 3*b = -3*j + 9615, 3*j + i*b - 9605 = 0. Is j a prime number?
True
Suppose 3*q + i - 2894 = 0, 0 = -q - 3*i + 454 + 500. Is 3 - (20/(-5) - q) a prime number?
False
Suppose 79*h + 1253359 = 96*h. Is h a prime number?
True
Let d = -11 - -16. Suppose d*z + v - 5678 = 0, -2*z - v - 4*v + 2262 = 0. Suppose 3*m - 4*f = 6*m - 1141, -f - z = -3*m. Is m a prime number?
True
Let d(t) = 14*t**2 - 63*t + 3 + 82*t - 45*t**3 - 6*t**2. Is d(-6) a prime number?
False
Let t = -1734357 - -2512658. Is t a composite number?
False
Let w = 19605 + 14042. Is w a prime number?
True
Let j(n) = 71*n**2 + 1 - 2*n - 56*n**2 + 40*n**2. Is j(-4) composite?
True
Let h = 11246 + -5014. Suppose -5*d + 5154 = -x - 1074, -5*d = x - h. Suppose -d = -2*w + 864. Is w a prime number?
False
Let g = 114 - 98. Suppose -19*m + g*m + 3243 = 0. Is m composite?
True
Suppose 20 - 4 = 2*h. Let v be (-36)/h*(1 - 3). Let j(f) = 5*f**2 - 11*f - 11. Is j(v) a prime number?
False
Suppose 3*a + 4*m = 2562, -4*m + 2193 = 2*a + 481. Let p = a + 301. Is p a composite number?
False
Suppose -4*y = -2*y - 470. Suppose y = 2*m - m. Suppose -5*b + 6*b = m. Is b a prime number?
False
Let v(o) = 8*o**3 - 6*o**2 + 16*o + 5. Let g be v(14). Suppose -u - 2406 = -g. Is u prime?
False
Let b = 106 + -105. Is ((-39)/117)/(b*(-1)/3657) a prime number?
False
Let j(a) = 4875*a - 484. Is j(11) prime?
False
Let q = -272273 - -410122. Is q composite?
False
Suppose 4*p = 5*b - 1868, -5*b + 1858 = -4*p + 5*p. Let l = b - 942. Is 2/2 - l/1 - -2 a composite number?
True
Let v(k) = 127681*k**2 - 294*k + 597. Is v(2) composite?
True
Let d(v) = 1983*v**2 + 3*v - 1. Let u = 118 + -86. Let g be (-6)/(-8) - (-8)/u. Is d(g) a composite number?
True
Let j be (3 - 1 - 2) + (-9)/1. Let v(m) = -m**3 - 10*m**2 - 3*m - 8. Let q be v(-4). Let l = j - q. Is l composite?
False
Suppose -2*u + c + 144970 = 5*c, -5*c = 3*u - 217461. Is u a prime number?
True
Suppose 32*f - 4001176 = 1128712. Is f prime?
True
Suppose 308*s - 4488 = 104*s. Suppose -3*i + 4*v = -68718, -3*v = -3*i + 79554 - 10836. Is (-4)/s + i/22 a prime number?
False
Suppose 711 + 1073 = 2*m. Let b(j) = j**3 + 28*j**2 + 26*j - 21. Let u be b(-27). Is (-8 - u)/((-8)/m) prime?
False
Let x = 79 - 75. Suppose v - 15 = -x*v, 3*o = -4*v + 147. Is (177*10/o)/((-2)/(-39)) a prime number?
False
Let w be 64 - 13 - (-1)/(-1). Suppose 0 = 4*t - 5*h - w - 19, 0 = -5*t + 2*h + 99. Let m = 140 + t. Is m composite?
True
Let d(w) = 46*w**2 - w + 2. Let q(a) = -a**2 + 1. Let r(g) = d(g) - 3*q(g). Is r(-3) prime?
True
Let c = -449407 + 640502. Is c a prime number?
False
Is 66/286*13 + (106589 - 0 - 1) prime?
True
Suppose -2*j + 1325561 + 928557 = 0. Is j composite?
True
Suppose 24*s - 9205 - 3707 = 0. Suppose 0 = -2*d + 448 + s. Is d prime?
False
Suppose -4*j = -3*t - 11852, 0 = -5*j + 4 + 6. Let p = 7694 + t. Suppose 6*i - 5788 = p. Is i prime?
False
Suppose -340 = -5*m - 3*w, 2*w = -5*m - 0*w + 335. Let b = 65 - m. Suppose b = u + 8 - 915. Is u a prime number?
True
Let w(o) = o**2. Let b(v) = -18*v**2 + 6*v + 5. Let d(p) = -b(p) + 3*w(p). Let u be 99/((-44)/4) + 3. Is d(u) a composite number?
False
Let f(h) = -4536*h**3 - 24*h**2 - 8*h + 1. Is f(-2) a prime number?
True
Let a = -35066 + 93203. Is a prime?
False
Suppose 55 = 4*z + 31. Suppose -z*m + 1761 = -3*m. Is m prime?
True
Let w = 418 + -484. Is -1117*(-1)/((-6)/w) a composite number?
True
Suppose -268*p = -275*p + 119. Is -12 + p + (-1152)/(-3) a prime number?
True
Suppose 2*x = -4*a + 44064, 12 = -0*x + 3*x. Suppose -10984 = -2*v - 3*j + j, a = 2*v - 4*j. Is v a composite number?
True
Is 2*(7 + (-1083645)/(-18) + 4) composite?
False
Suppose -2002299 = -17*u - 364664 + 6911104. Is u composite?
True
Suppose 455580 = 4*v - 4*c, -151255 = 2*v + 3*c - 379025. Is v a composite number?
False
Suppose -5*m + 21 = 2*m. Suppose -u - m*g = -409, u - 3*g = 572 - 157. Suppose -u = -3*p + 215. Is p a composite number?
True
Let m(x) = -7347*x + 5908. Is m(-47) composite?
False
Suppose o + 5*y - 3980 = 0, -2*o + 7960 = -5*y + 3*y. Suppose 4*l - o = 288. Let j = l + 702. Is j a prime number?
False
Let h = -44430 - -152387. Is h prime?
False
Suppose -2*h - 30 = 5*s + 2*h, 6 = -s + 5*h. Is ((-10)/s)/(4/13308 - 0) prime?
False
Is (17441199/(-12))/(-23) - 7/4 composite?
True
Let v(t) = 26*t**3 + 2*t**2 - 11*t + 10. Let f be v(1). Let y(k) = 4*k + 11. Is y(f) prime?
False
Let g be 19/(-4) - -4 - (-15)/20. Suppose g = z + 5*p - 1902, -5*z + 3*z - 4*p = -3810. Is z prime?
True
Let z = 1183507 + -470060. Is z a prime number?
False
Let b(a) = -4904*a - 1. Let y be b(-1). Suppose -l - 7086 = -0*s - s, 0 = -2*s + l + 14175. Suppose -s = -8*r + y. Is r a prime number?
True
Suppose 0 = -f + 4*l + 93209, -3*l = -17*f + 15*